{"id":164,"date":"2023-10-16T23:55:28","date_gmt":"2023-10-16T21:55:28","guid":{"rendered":"https:\/\/pzcachtice.sk\/?page_id=164"},"modified":"2023-10-16T23:55:29","modified_gmt":"2023-10-16T21:55:29","slug":"spolocenska-cinnost","status":"publish","type":"page","link":"https:\/\/pzcachtice.sk\/?page_id=164","title":{"rendered":"Spolo\u010densk\u00e1 \u010dinnos\u0165"},"content":{"rendered":"\n<h3 class=\"wp-block-heading\">PZ \u010cachtice sa podie\u013ea i na spolo\u010denskej \u010dinnosti a organizuje:<\/h3>\n\n\n\n<ul class=\"wp-block-list\">\n<li>\u0161kolenia a predn\u00e1\u0161ky v r\u00e1mci PZ alebo pre \u0161ir\u0161iu verejnos\u0165<\/li>\n\n\n\n<li>v\u00fdstavu trofej\u00ed<\/li>\n\n\n\n<li>tematick\u00e9 z\u00e1jazdy pre \u010dlenov PZ (v\u00fdstava Agrokomplex, tematick\u00e9 z\u00e1jazdy)<\/li>\n\n\n\n<li>streleck\u00e9 preteky pre verejnos\u0165<\/li>\n\n\n\n<li>po\u013eovn\u00edcke plesy (od roku 1986)<\/li>\n\n\n\n<li>n\u00e1v\u0161tevy kult\u00farnych podujat\u00ed pre \u010dlenov PZ<\/li>\n\n\n\n<li>\u00fa\u010das\u0165 na akci\u00e1ch organizovan\u00fdch in\u00fdmi organiz\u00e1ciami<\/li>\n<\/ul>\n\n\n\n<h3 class=\"wp-block-heading\">V r\u00e1mci PZ \u010cachtice je zabezpe\u010den\u00e9:<\/h3>\n\n\n\n<ul class=\"wp-block-list\">\n<li>dodr\u017eiavanie po\u013eovn\u00edckych trad\u00edci\u00ed:<\/li>\n\n\n\n<li>pasovanie nov\u00fdch \u010dlenov<\/li>\n\n\n\n<li>sl\u00e1vnostn\u00fd v\u00fdrad po po\u013eova\u010dke<\/li>\n\n\n\n<li>dodr\u017eiavanie po\u013eovn\u00edckej etiky<\/li>\n\n\n\n<li>odovzd\u00e1vanie z\u00e1lomku strelcovi po uloven\u00ed zveri na individu\u00e1lnej po\u013eova\u010dke<\/li>\n\n\n\n<li>pasovanie za lovca pri prvom uloven\u00ed pr\u00edslu\u0161nej zveri<\/li>\n\n\n\n<li>spr\u00e1vne o\u0161etrenie trofej\u00ed<\/li>\n\n\n\n<li>vedenie kroniky PZ \u010cachtice od roku 1975<\/li>\n\n\n\n<li>vyhotovovanie fotodokument\u00e1cie a filmov z r\u00f4znych akci\u00ed<\/li>\n\n\n\n<li>n\u00e1vrhy na po\u013eovn\u00edcke vyznamenania<\/li>\n\n\n\n<li>odmeny a po\u010fakovanie \u010dlenom pri \u017eivotn\u00fdch jubile\u00e1ch za pr\u00e1cu v PZ<\/li>\n\n\n\n<li>vedenie po\u013eovn\u00edckej kni\u017enice<\/li>\n<\/ul>\n\n\n\n<h3 class=\"wp-block-heading\">Po\u013eovn\u00edcke zvyky a trad\u00edcie<\/h3>\n\n\n\n<p>Po\u013eovn\u00edcke zvyky a trad\u00edcie vych\u00e1dzaj\u00fa zo sv\u00e4tohubertskej legendy, ktorej odkaz spo\u010d\u00edva v tom, \u017ee zver v prvom rade treba chr\u00e1ni\u0165 a chova\u0165 a a\u017e potom lovi\u0165.<\/p>\n\n\n\n<h3 class=\"wp-block-heading\">Po\u013eovn\u00edcky pozdrav<\/h3>\n\n\n\n<p>Na po\u013eova\u010dk\u00e1ch sa po\u013eovn\u00edci navz\u00e1jom zdravia pozdravom: \u201cLovu zdar!\u201d Be\u017en\u00fdm pozdravom po\u013eovn\u00edkov pri dennom spolo\u010denskom a kult\u00farnom styku je \u201cPo\u013eovn\u00edctvu zdar!\u201d<\/p>\n\n\n\n<h3 class=\"wp-block-heading\">Pasovanie za po\u013eovn\u00edka<\/h3>\n\n\n\n<p>Nov\u00e9ho po\u013eovn\u00edka prij\u00edma do radov po\u013eovn\u00edkov vy\u0161\u0161\u00ed funkcion\u00e1r PZ nasledovne: Nov\u00fd po\u013eovn\u00edk pok\u013eakne na prav\u00e9 koleno a pasuj\u00faci sa ho trikr\u00e1t dotkne ostr\u00edm loveck\u00e9ho no\u017ea \u013eav\u00e9ho ramena so slovami: \u201cV\u00edtam \u0165a medzi po\u013eovn\u00edkmi v mene n\u00e1\u0161ho patr\u00f3na Sv. Huberta\u201d a odovzd\u00e1 mu pasovac\u00ed list.<\/p>\n\n\n\n<h3 class=\"wp-block-heading\">Pasovanie za lovca<\/h3>\n\n\n\n<p>Pasovanie za lovca sa kon\u00e1 vtedy, ke\u010f nov\u00fd po\u013eovn\u00edk prv\u00fd kr\u00e1t ulov\u00ed zver. M\u00f4\u017ee sa vykona\u0165 obdobn\u00fdm sp\u00f4sobom ako pasovanie za po\u013eovn\u00edka. Pasovan\u00fd po\u013eovn\u00edk pok\u013eakne na prav\u00e9 koleno a pasuj\u00faci sa ho trikr\u00e1t dotkne ostr\u00edm loveck\u00e9ho no\u017ea \u013eav\u00e9ho ramena so slovami: \u201cT\u00fdmto \u0165a pasujem v mene Sv. Huberta za lovca diviakov, jele\u0148ov, srncov a pod.\u201d<\/p>\n\n\n\n<p>\u010casto sa vykon\u00e1va pasovanie za lovca \u013eudov\u00fdm sp\u00f4sobom nasledovne: Pasovan\u00fd po\u013eovn\u00edk pok\u013eakne na obe kolen\u00e1 tak, \u017ee sa pomocou r\u00fak naklon\u00ed nad uloven\u00fa zver. Pasuj\u00faci trikr\u00e1t udrie pasovan\u00e9ho po\u013eovn\u00edka do zadnej \u010dasti te\u013ea, pri\u010dom hovor\u00ed: \u201cPrv\u00fdm \u00faderom \u0165a v mene Sv. Huberta, n\u00e1\u0161ho patr\u00f3na, pasujem na lovca diviakov\/jele\u0148ov\/mufl\u00f3nov\/\u2026 Pam\u00e4taj, \u017ee zver mus\u00ed\u0161 najprv chova\u0165 a chr\u00e1ni\u0165 a len potom sa jej m\u00f4\u017ee\u0161 po\u013eovn\u00edckym sp\u00f4sobom zmocni\u0165. Druh\u00fdm \u00faderom ti blaho\u017eel\u00e1m k uloveniu tvojho prv\u00e9ho diviaka\/jele\u0148a\u00famufl\u00f3na\/apod. Tret\u00edm \u00faderom ti pripom\u00ednam, aby si za ka\u017ed\u00fdch okolnost\u00edv\u017edy zostal \u010destn\u00fdm po\u013eovn\u00edkom, stato\u010dn\u00fdm \u010dlenom na\u0161ej kr\u00e1snej pr\u00edrody. Prajem ti: Lovu zdar!\u201d<\/p>\n\n\n\n<h3 class=\"wp-block-heading\">Ostatn\u00e9 po\u013eovn\u00edcke zvyky<\/h3>\n\n\n\n<ul class=\"wp-block-list\">\n<li>z etick\u00fdch d\u00f4vodov nelov\u00edme zver na le\u017eisku, matku pri ml\u00e1\u010fat\u00e1ch, v \u010dase n\u00fadze pri krmelci a pod.<\/li>\n\n\n\n<li>usilujeme sa zver ulovi\u0165 istou ranou \u2013 prv\u00fdm z\u00e1sahom<\/li>\n\n\n\n<li>ulovenej raticovej zveri d\u00e1me posledn\u00fd hryz do papule a pri v\u00fdrade ranu zakryjeme z\u00e1lomkom<\/li>\n\n\n\n<li>za spr\u00e1vne ulovenie zveri sa strelcovi odovzd\u00e1va po\u013eovn\u00edcky z\u00e1lomok, ktor\u00fd m\u00f4\u017ee strelec nosi\u0165 na klob\u00faku do z\u00e1padu slnka. Z\u00e1lomok sa odlom\u00ed \/nie odre\u017ee\/ v bl\u00edzkosti miesta ulovenej zveri a namo\u010d\u00ed sa do krvi<\/li>\n\n\n\n<li>strelcovi okrem trofeje patr\u00ed i po\u013eovn\u00edcke pr\u00e1vo, t.j. jazyk, srdce, p\u013e\u00faca, pe\u010de\u0148, slezina<\/li>\n\n\n\n<li>sl\u00e1vnostn\u00e9 fanf\u00e1ry po\u013eovn\u00edci pri v\u00fdrade po\u010d\u00favaj\u00fa s obna\u017een\u00fdmi hlavami<\/li>\n\n\n\n<li>uloven\u00fa zver na v\u00fdrade nik nesmie prekra\u010dova\u0165<\/li>\n\n\n\n<li>po skon\u010den\u00ed po\u013eova\u010dky b\u00fdva spolo\u010densk\u00e9 posedenie s ob\u010derstven\u00edm \u2013 posledn\u00fd pohon, kde si po\u013eovn\u00edci vymenia z\u00e1\u017eitky a sk\u00fasenosti<\/li>\n\n\n\n<li>po\u013eovn\u00edcky odev m\u00e1 ma\u0165 primeran\u00fa zelen\u00fa farbu, aby ladila s farbou pr\u00edrody<\/li>\n\n\n\n<li>pri poslednej rozl\u00fa\u010dke s po\u013eovn\u00edkom \u010dlenovia PZ zak\u00fapia veniec, prednes\u00fa sm\u00fato\u010dn\u00fa re\u010d. Jeden z\u00e1lomok sa polo\u017e\u00ed na rakvu a ostatn\u00e9 maj\u00fa \u010dlenovia pripnut\u00e9 na kab\u00e1te. Tieto sa po obrade vhodia na rakvu do jamy.<\/li>\n\n\n\n<li>ak to dovolia okolnosti m\u00f4\u017ee by\u0165 tri kr\u00e1t za sebou vystrelen\u00e1 salva najmenej troch po\u013eovn\u00edkov.<\/li>\n<\/ul>\n\n\n\n<p>To je \u010das\u0165 po\u013eovn\u00edckych zvyklost\u00ed a oby\u010daj\u00ed, ktor\u00e9 s\u00fa v\u0161ak \u010dasto obsiahlej\u0161ie a r\u00f4znorodej\u0161ie, pod\u013ea miestnych zvyklost\u00ed.<\/p>\n","protected":false},"excerpt":{"rendered":"<p>PZ \u010cachtice sa podie\u013ea i na spolo\u010denskej \u010dinnosti a organizuje: V r\u00e1mci PZ \u010cachtice je zabezpe\u010den\u00e9: Po\u013eovn\u00edcke zvyky a trad\u00edcie Po\u013eovn\u00edcke zvyky a trad\u00edcie vych\u00e1dzaj\u00fa zo sv\u00e4tohubertskej legendy, ktorej odkaz spo\u010d\u00edva v tom, \u017ee zver v prvom rade treba chr\u00e1ni\u0165 a chova\u0165 a a\u017e potom lovi\u0165. Po\u013eovn\u00edcky pozdrav Na po\u013eova\u010dk\u00e1ch sa po\u013eovn\u00edci navz\u00e1jom zdravia pozdravom: \u201cLovu zdar!\u201d Be\u017en\u00fdm pozdravom po\u013eovn\u00edkov pri dennom spolo\u010denskom a kult\u00farnom styku je \u201cPo\u013eovn\u00edctvu zdar!\u201d Pasovanie za po\u013eovn\u00edka Nov\u00e9ho po\u013eovn\u00edka prij\u00edma do radov po\u013eovn\u00edkov vy\u0161\u0161\u00ed funkcion\u00e1r PZ nasledovne: Nov\u00fd po\u013eovn\u00edk pok\u013eakne na prav\u00e9 koleno a pasuj\u00faci sa ho trikr\u00e1t dotkne ostr\u00edm loveck\u00e9ho no\u017ea \u013eav\u00e9ho ramena so slovami: \u201cV\u00edtam \u0165a medzi po\u013eovn\u00edkmi v mene n\u00e1\u0161ho patr\u00f3na Sv. Huberta\u201d a odovzd\u00e1 mu pasovac\u00ed list. Pasovanie za lovca Pasovanie za lovca sa kon\u00e1 vtedy, ke\u010f nov\u00fd po\u013eovn\u00edk prv\u00fd kr\u00e1t ulov\u00ed zver. M\u00f4\u017ee sa vykona\u0165 obdobn\u00fdm sp\u00f4sobom ako pasovanie za po\u013eovn\u00edka. Pasovan\u00fd po\u013eovn\u00edk pok\u013eakne na prav\u00e9 koleno a pasuj\u00faci sa&hellip;<\/p>\n<p> <a class=\"more-link\" href=\"https:\/\/pzcachtice.sk\/?page_id=164\">Read more<\/a><\/p>\n","protected":false},"author":1,"featured_media":0,"parent":0,"menu_order":0,"comment_status":"closed","ping_status":"closed","template":"","meta":{"footnotes":""},"class_list":["post-164","page","type-page","status-publish"],"_links":{"self":[{"href":"https:\/\/pzcachtice.sk\/index.php?rest_route=\/wp\/v2\/pages\/164","targetHints":{"allow":["GET"]}}],"collection":[{"href":"https:\/\/pzcachtice.sk\/index.php?rest_route=\/wp\/v2\/pages"}],"about":[{"href":"https:\/\/pzcachtice.sk\/index.php?rest_route=\/wp\/v2\/types\/page"}],"author":[{"embeddable":true,"href":"https:\/\/pzcachtice.sk\/index.php?rest_route=\/wp\/v2\/users\/1"}],"replies":[{"embeddable":true,"href":"https:\/\/pzcachtice.sk\/index.php?rest_route=%2Fwp%2Fv2%2Fcomments&post=164"}],"version-history":[{"count":1,"href":"https:\/\/pzcachtice.sk\/index.php?rest_route=\/wp\/v2\/pages\/164\/revisions"}],"predecessor-version":[{"id":166,"href":"https:\/\/pzcachtice.sk\/index.php?rest_route=\/wp\/v2\/pages\/164\/revisions\/166"}],"wp:attachment":[{"href":"https:\/\/pzcachtice.sk\/index.php?rest_route=%2Fwp%2Fv2%2Fmedia&parent=164"}],"curies":[{"name":"wp","href":"https:\/\/api.w.org\/{rel}","templated":true}]}}